(0 - -2)?
2
Evaluate -4 + -10 + 12 + 1.
-1
-6 + (8 - 5) - -2
-1
What is 35 - 18 - (8 - -4)?
5
(-2 - -4) + -1 - -4
5
What is 3 + -6 + (11 - 4)?
4
Calculate -4 - (-9 + (4 - -1)).
0
Evaluate 6 + -3 + -3 - -1.
1
What is -4 - 6 - -4 - 0 - -10?
4
Calculate (4 - 10 - -14) + -8.
0
Evaluate -3 + 8 + (-3 + -1 - -4).
5
What is 4 - (9 + -11 - (-5 + 3))?
4
-3 + (-2 - 1) - (-13 - -11)
-4
What is (-17 - 8) + 14 + 19?
8
Evaluate (2 - 2 - (-1 + 2)) + 8.
7
What is the value of 6 + -8 + 6 + 3 + -2?
5
13 + 9 + -9 - 10
3
Evaluate 11 - (8 + 11) - -2.
-6
What is the value of -6 - -12 - (20 + -3 + -6)?
-5
Evaluate 3 + -2 + -6 + 3 + 3.
1
What is (-8 - (9 - (2 - -5))) + 5?
-5
Evaluate 7 - (10 + -11 + 6).
2
What is 11 - (23 - (-4 + 9))?
-7
(-4 - -3) + 3 + (3 - 8)
-3
(5 - (7 - 4)) + -8 + 12
6
Evaluate (2 - 0) + (7 - 3 - 6).
0
What is -6 - -13 - 6 - -4?
5
Calculate -28 + 24 + (7 - 1) + 3.
5
Evaluate (7 - 0) + (-9 - -2).
0
What is -5 + 1 - (-9 + (8 - 8))?
5
3 - (1 + 2) - -1
1
Evaluate (8 - -1) + 96 + -102.
3
Evaluate 2 + (-17 + 15 - (-3 + -1)).
4
What is the value of -5 - (-9 + 13) - (-6 + 1)?
-4
What is the value of -5 + 0 + (2 + 5 - 0)?
2
What is the value of -2 - ((6 - 3 - -1) + -3)?
-3
3 - 12 - -3 - -5
-1
-1 - (0 + -1) - (-14 - -8)
6
Evaluate -4 + -1 + (-7 - -7).
-5
Evaluate (-3 - 6 - -4) + 3.
-2
Evaluate 32 - 37 - (0 + -3).
-2
Calculate -2 + (0 - 1 - -3 - 0).
0
What is the value of 0 + 1 + -4 + 3?
0
What is the value of (2 - -2) + -9 + 4 + 2?
1
Evaluate 7 + -10 - (-1 + (3 - 9)).
4
What is -2 + 0 - (6 + (-12 - 0))?
4
What is -2 - 1 - (-18 + 23)?
-8
-5 - (-3 + 5 - 4)
-3
Calculate 1 - ((-3 + -2 - -2) + 0).
4
Calculate 1 - -3 - (-1 - (-1 + 1)).
5
What is -1 + (-1 - -6 - (-9 + 17))?
-4
-1 - (-18 + 13) - -2
6
(2 - 0) + -20 + 22
4
What is the value of 11 + 0 - (-30 - -44)?
-3
What is (2 + -2 - -3) + 1?
4
What is (-1 - -1) + (0 - -9) + -5?
4
What is the value of 4 + -4 + 2 - 2?
0
-1 + (-5 - (1 + -13 + 4))
2
What is (0 - 8) + 4 + 0?
-4
Calculate -6 - (6 + -8 + -4).
0
Evaluate -9 + 0 + 10 + (2 - -4).
7
What is the value of 4 - (-2 - (2 + -2 + -1))?
5
Evaluate (-2 + 0 - -7) + -2.
3
(2 - 1) + -7 + 3 + 4
1
Evaluate 5 + 0 - (-27 + 29) - -2.
5
What is the value of 0 + (-2 + 14 - 3)?
9
(5 - 3 - -3) + -5
0
3 + -7 + -1 + 3
-2
What is the value of 1 - (-11 + 12) - (-1 - 4)?
5
Evaluate 3 - 1 - (1 - -1).
0
-5 + (-2 - (0 + 0 + -5))
-2
-2 - (1 + (-1 - (-7 + 4)))
-5
Calculate -1 + (4 + -7 - -3) - 4.
-5
Calculate (2 - -5 - 3) + 6 + -3.
7
What is -29 + 7 + (12 - 1)?
-11
What is the value of (0 - -7 - 11) + (1 - -4)?
1
Evaluate -4 + 16 - (13 + (-4 - 3)).
6
Evaluate 4 + -22 + 19 + (-1 - -4).
4
Calculate 17 + -10 + -4 + (-2 - -2).
3
Evaluate -7 + (3 - 1) - -11.
6
Evaluate -4 + 2 + (-8 - (-1 + -6)).
-3
-2 + -15 - (-9 - -2) - -6
-4
What is 0 + (-1 + 2 - 5)?
-4
What is the value of (-7 - (11 - 12)) + (14 - 1)?
7
-2 - 1 - (-63 - -62)
-2
Calculate (0 + 1 - 8) + 18 + -4.
7
Calculate -3 + (0 - -1) + -2.
-4
9 + (-4 - (-4 + 4))
5
-116 - -122 - (-3 + -1)
10
Evaluate 6 + (-9 - ((4 - 8) + 1)).
0
Evaluate 2 + 1 + -1 + -4.
-2
Calculate -3 + 7 + 4 - (1 + -1).
8
What is (4 - (1 - (-3 + -3))) + 2?
-1
What is -2 + -7 + (4 - 5) - -8?
-2
(-5 - -5) + -1 + 4
3
Evaluate 2 - 1 - (-7 - -7) - 2.
-1
(0 - 1) + 5 - -1
5
-3 + -1 + (13 - (-1 + 5))
5
-3 + 1 - (-119 - -110)
7
What is 1 - -2 - (13 + (-27 - -11))?
6
Evaluate -17 + 10 - (-6 + 2).
-3
Calculate 0 + 16 - (31 - 23).
8
Calculate (-8 - -3 - -5) + -1 + -3.
-4
What is the value of -2 + -1 - -9 - 8?
-2
Evaluate 2 - (-1 + 7) - (103 - 104).
-3
1 + 1 - (-9 + 9 - -3)
-1
Calculate 13 + (0 - (2 + 11)).
0
What is the value of -12 + (9 - -7) + (-8 - 0)?
-4
Evaluate 6 + 3 - ((-1 - -3) + 3).
4
-1 - (1 + 5 + -10)
3
Evaluate (-4 - (5 + -3)) + 2.
-4
What is the value of 0 - ((4 - 7) + (6 - 2))?
-1
Calculate (-2 - 2) + 1 - (-25 - -19).
3
Calculate 1 + 2 + (2 - 5).
0
Evaluate (1 - 13) + 4 + 7 + -8.
-9
Calculate 7 + (2 - 11 - -5).
3
What is the value of (10 - -3) + (-3 - 4)?
6
Evaluate 3 - (-6 + 7) - (-1 + 10).
-7
Calculate (3 + 3 - 10) + 1 + -1.
-4
(1 - 5) + (5 - 4)
-3
Calculate -50 + 61 - (1 + (4 - 1)).
7
What is -3 + 4 + 3 + 3 + 2?
9
What is (20 - 17) + 3 + -1?
5
What is the value of -4 + ((-3 - -5) + 0 - -1)?
-1
What is -1 - -4 - (-14 - -21)?
-4
What is the value of 1 + -2 + 5 + -60 + 57?
1
Calculate (1 - 1) + 4 + -9 - -10.
5
Evaluate -1 - (-2 + 2 + -1).
0
What is -13 + 6 - -17 - 8?
2
What is the value of -11 + 9 - (6 - 13)?
5
Calculate 1 - (3 - 5 - 0) - 9.
-6
Evaluate -1 - (1 + -3 + 5).
-4
Evaluate -2 + (3 - -11) + (30 - 33).
9
What is 0 + 2 + -6 + 2 + 2?
0
What is the value of -3 - (2 - 4) - (-32 - -28)?
3
Evaluate -7 - ((4 + -11 - -15) + -25).
10
What is the value of -1 + 1 + 0 - 1?
-1
What is -1 + (1 - -1 - (-4 + 10))?
-5
What is the value of -2 + -4 + (0 - -9) + -1?
2
Calculate 3 + (-6 - (-6 - -10)) + 5.
-2
Calculate -3 + 5 + -5 - (0 - -3).
-6
Evaluate -3 + -4 + 5 + 2 + 1.
1
What is -3 + 0 - (16 - 10) - -4?
-5
Evaluate 5 + -6 + -4 + 4 + 3.
2
What is the value of (0 + -1 - -1) + (1 - 2)?
-1
Evaluate 2 + 16 + -7 + -3 - 4.
4
Evaluate -19 - -17 - (0 + 0 + -1).
-1
Calculate 0 + -7 + (-35 - -46).
4
Evaluate -2 - (0 + 0) - (1 - -5).
-8
Calculate -3 + 2 + 3 + 8.
10
What is 9 + 2 + (-8 - -4 - 1)?
6
Calculate 13 + -2 + 2 - 20.
-7
Calculate -1 + 5 + (15 - 24).
-5
What is the value of 8 + (-2 - 6 - 1)?
-1
Calculate -8 - 0 - (-25 - -21).
-4
What is the value of 5 + -2 + 3 + -1 - 0?
5
What is the value of 6 + 1 + -6 + (0 - -4)?
5
What is (-33 - -26) + 2 + -1?
-6
Evaluate -4 - ((3 - -9) + -11).
-5
Calculate -4 - (-3 + 3 + -6 + 9).
-7
What is the value of 4 + -12 + 3 - (8 - 8)?
-5
What is the value of (0 - 1 - -3) + (-6 - -4)?
0
Calculate 1 + (7 - 14) + 0.
-6
Calculate 12 + (0 - 2) - 7.
3
What is the value of -54 + 60 + -14 + 1?
-7
(-21 - -23) + (-3 - (-2 + 3))
-2
7 + 0 - ((4 - 4) + 3)
4
-7 + 5 + 0 - 2
-4
Evaluate 3 - (-2 - -11 - (-17 - -20)).
-3
What is the value of (4 - (-2 + 0)) + -3?
3
Calculate 5 - 0 - (-4 + 7 + 0).
2
Evaluate 4 + (1 - 2 - 4).
-1
Evaluate -3 - (5 - (21 - 9)).
4
Evaluate -6 + (4 - -4 - 5).
-3
What is the value of 0 + (0 - 7) + (-217 - -232)?
8
4 + -1 - (-3 + 3)
3
Calculate (6 - (2 + -6 - -10)) + -5.
-5
Evaluate (19 - 20) + (-3 - 4) + 1.
-7
-3 + 5 + -3 + -3 + 0
-4
Calculate 6 - 8 - (-10 - -8).
0
What is -2 + 1 + (-4 - (0 - 0))?
-5
Calculate (24 - 26) + (-1 - -2).
-1
6 + (-3 - (6 + -3))
0
Calculate (3 - 0) + 0 + 1.
4
What is -12 + 8 + (5 - 9) + 0?
-8
What is the value of 2 + ((-2 - -5) + -4 - -3)?
4
(-1 - 1 - -4) + 0
2
What is the value of 2 + 0 + 1 + -3?
0
Evaluate 0 + 7 + -5 + -3.
-1
Evaluate 9 + -1 + (75 - 82).
1
Evaluate 5 + -2 + 5 + -6.
2
1 + -9 + -1 + 10 + -4
-3
What is 1 + -14 + (111 - 108)?
-10
What is (2 + 0 - 9) + 2?
-5
2 + (1 - -4) + -2
5
Calculate -7 - (16 - 25) - (10 + -1).
-7
6 + -12 + 5 + 0 + 1
0
(2 - (-6 + 10)) + 4
2
What is the value of -6 + 3 + -4 - -1?
-6
What is 11 - (-1 + 4 + -2 + 1)?
9
What is the value of 3 + (-4 - 5) + (2 - -1)?
-3
-3 + 4 - (-6 - (2 + -6))
3
(8 - 20 - -4) + 8
0
Calculate 0 - 1 - (33 + -35).
1
2 + (-4 - 2) - (16 - 17)
-3
-12 + (3 - (-9 + 5 + 0))
-5
What is the value of (-5 - (0 + -2)) + -1?
-4
What is -2 - 8 - (10 + -8 + -4)?
-8
What is the value of 13 + -3 - (10 + 4)?
-4
Evaluate -3 + 5 - (1 + 2 - 3).
2
-2 - (2 + (5 - 4) - 4)
-1
Evaluate (16 - (-6 - -16)) + 0.
6
Calculate 0 - (0 + -1 + 2 + -1).
0
4 + (-1 - -3 - 4)
2
Evaluate (-3 + 5 - (2 + -1)) + -4.
-3
Calculate 1 - (2 - (-4 - -13) - -13).
-5
Calculate -9 + 8 - (2 - 2).
-1
What is 13 - ((6 - (1 + 2)) + 5)?
5
Calculate (-5 - 2) + (-28 - -30).
-5
Calculate (-23 - -18) + (-2 - (-7 + 2)).
-2
Calculate -4 - (-4 + 0 + 4).
-4
0 + 0 + 2 + (-8 - -8)
2
-7 + -13 + (-6 - -11) + 8
-7
What is the value of 6 + -12 + 19 + -7?
6
Evaluate (-1 - -4) + (-25 - (1 + -31)).
8
What is -6 + 3 - (5 - (-2 + 6))?
-4
1 - 1 - (44 + -42)
-2
What is -10 + (15 - (3 - -2))?
0
Evaluate 3 + 4 + -9 - -8.
6
Calculate 13 - (22 - (12 + -12)).
-9
Evaluate -4 + 6 + -3 + -2.
-3
Evaluate -11 - -17 - (-2 + 0 - -4).
4
What is the value of 2 + (2 - 0 - (0 + 1))?
3
Calculate (6 - 0) + (-7 - -3 - 8).
-6
What is the value of -3 - 1 - (4 + 5 - 19)?
6
What is the value of 3 - (-6 - 1 - -6)?
4
What is the value of -134 - -129 - ((-1 - -1) + -5)?
0
Evaluate 1 + -5 + 2 - -3 - 2.
-1
What is the value of -4 + -2 + (15 - 15)?
-6
Calculate